{"id":6,"date":"2012-10-09T13:51:49","date_gmt":"2012-10-09T13:51:49","guid":{"rendered":"http:\/\/blog.forsthaus-metzelthin.de\/?page_id=6"},"modified":"2019-07-05T16:15:27","modified_gmt":"2019-07-05T14:15:27","slug":"impressum","status":"publish","type":"page","link":"http:\/\/blog.forsthaus-metzelthin.de\/?page_id=6","title":{"rendered":"Impressum"},"content":{"rendered":"<p>E-Mail: info@forsthaus-metzelthin.de<br \/>\nUte Rott und Ernst Wagner-Rott<br \/>\nMetzelthin 22, 17268 Templin &#8211; OT Klosterwalde<br \/>\nTel. 039 885 \/ 52 00 70<br \/>\nFax 039 885 \/ 52 00 71<\/p>\n<p>Alle Bilder, Grafiken und Texte dieser Webseite unterliegen dem Urheberrecht. Eine Lizenz zur Nutzung wird durch diese Webseite nicht erteilt. Alle innerhalb meiner Seite genannten Firmennamen, Marken- und Warenzeichen unterliegen den jeweiligen Schutzbestimmungen. Die Besitzrechte bleiben uneingeschr\u00e4nkt beim registrierten Eigent\u00fcmer.<\/p>\n<p>Diese Seiten wurden mit der gr\u00f6\u00dftm\u00f6glichen Sorgfalt erarbeitet und zusammengestellt. F\u00fcr Fehlerfreiheit und Genauigkeit s\u00e4mtlicher Inhalte kann keine Gew\u00e4hr \u00fcbernommen werden. Ich erkl\u00e4re hiermit, dass ich keinerlei Einfluss auf die Inhalte oder die Gestaltung von verlinkten Seiten habe und damit hierf\u00fcr keine Verantwortung \u00fcbernehme. F\u00fcr m\u00f6gliche Sch\u00e4den, die direkt oder indirekt aus der Benutzung dieser Webseite entstehen k\u00f6nnten, schlie\u00dfe ich jegliche Haftung aus. Diese Erkl\u00e4rung gilt vollumf\u00e4nglich f\u00fcr s\u00e4mtlich Seiten dieser Homepage. Weiterhin kann f\u00fcr die Richtigkeit der Angaben, die \u00dcbereinstimmung mit den Ursprungsdaten oder f\u00fcr Manipulationsversuche Dritter keine Gew\u00e4hr \u00fcbernommen werden. Die eingesetzten Links hatten zum Zeitpunkt der Siteproduktion keinerlei illegalen oder anst\u00f6\u00dfigen Inhalte.<\/p>\n","protected":false},"excerpt":{"rendered":"<p>E-Mail: info@forsthaus-metzelthin.de Ute Rott und Ernst Wagner-Rott Metzelthin 22, 17268 Templin &#8211; OT Klosterwalde Tel. 039 885 \/ 52 00 70 Fax 039 885 \/ 52 00 71 Alle Bilder, Grafiken und Texte dieser Webseite unterliegen dem Urheberrecht. Eine Lizenz &hellip; <a href=\"http:\/\/blog.forsthaus-metzelthin.de\/?page_id=6\">Weiterlesen <span class=\"meta-nav\">&rarr;<\/span><\/a><\/p>\n","protected":false},"author":1,"featured_media":0,"parent":0,"menu_order":3,"comment_status":"open","ping_status":"open","template":"","meta":[],"_links":{"self":[{"href":"http:\/\/blog.forsthaus-metzelthin.de\/index.php?rest_route=\/wp\/v2\/pages\/6"}],"collection":[{"href":"http:\/\/blog.forsthaus-metzelthin.de\/index.php?rest_route=\/wp\/v2\/pages"}],"about":[{"href":"http:\/\/blog.forsthaus-metzelthin.de\/index.php?rest_route=\/wp\/v2\/types\/page"}],"author":[{"embeddable":true,"href":"http:\/\/blog.forsthaus-metzelthin.de\/index.php?rest_route=\/wp\/v2\/users\/1"}],"replies":[{"embeddable":true,"href":"http:\/\/blog.forsthaus-metzelthin.de\/index.php?rest_route=%2Fwp%2Fv2%2Fcomments&post=6"}],"version-history":[{"count":4,"href":"http:\/\/blog.forsthaus-metzelthin.de\/index.php?rest_route=\/wp\/v2\/pages\/6\/revisions"}],"predecessor-version":[{"id":1969,"href":"http:\/\/blog.forsthaus-metzelthin.de\/index.php?rest_route=\/wp\/v2\/pages\/6\/revisions\/1969"}],"wp:attachment":[{"href":"http:\/\/blog.forsthaus-metzelthin.de\/index.php?rest_route=%2Fwp%2Fv2%2Fmedia&parent=6"}],"curies":[{"name":"wp","href":"https:\/\/api.w.org\/{rel}","templated":true}]}}