{"id":10,"date":"2012-10-09T13:53:58","date_gmt":"2012-10-09T13:53:58","guid":{"rendered":"http:\/\/blog.forsthaus-metzelthin.de\/?page_id=10"},"modified":"2022-06-09T13:20:25","modified_gmt":"2022-06-09T11:20:25","slug":"uber-uns","status":"publish","type":"page","link":"http:\/\/blog.forsthaus-metzelthin.de\/?page_id=10","title":{"rendered":"\u00dcber uns"},"content":{"rendered":"<p>Das Forsthaus-Team stellt sich vor:<\/p>\n<p>Wir, das sind Ute, mein Mann Ernst und unsere Hunde Indiana und Maxl. 2005 haben wir das Forsthaus in Metzelthin gekauft und seitdem vermieten wir hier Ferienwohnungen und Stellpl\u00e4tze f\u00fcr Reisemobile an Menschen mit Hunden. Bei uns sind alle Hunde willkommen, Rasse, Gr\u00f6\u00dfe und Anzahl spielen keine Rolle.<\/p>\n<p>2005 habe ich meine Ausbildung bei animal learn zur Hundetrainerin abgeschlossen und arbeite seither nach diesen Grunds\u00e4tzen. Ich bin Mitglied im bei &#8222;Berufung Hund&#8220;, besuche regelm\u00e4\u00dfig Fortbildungen, biete nicht nur &#8222;normales&#8220; Training wie Welpenfr\u00fcherziehung und Grundgehorsam an, sondern auch Antijagdtraining, Verhaltenstherapie, Nasenarbeit, Ern\u00e4hrungsberatung. Dabei wird es in meinen Augen immer wichtiger, der zunehmenden Gewaltbereitschaft gegen\u00fcber Hunden und anderen Tieren etwas entgegen zu setzen.<\/p>\n<p>Nein, Hunde m\u00fcssen nicht immer exakt so funktionieren, wie es sich eine dem nat\u00fcrlichen Leben entfremdete Gesellschaft vorstellt.<br \/>\nNein, es ist nicht notwendig, mit allen vorhandenen Mitteln alles bei Hunden durchzusetzen, was Mensch sich so einbildet.<br \/>\nNein, es ist nicht vertretbar, einen Hund zum lebenden Roboter zu machen, nur damit Mensch sich profilieren kann.<\/p>\n<p>Ja, Hunde haben ein Recht darauf, als selbst\u00e4ndige, f\u00fchlende und denkende Lebewesen ernst genommen zu werden.<br \/>\nJa, Hunde haben ein Recht darauf, Interessen zu haben, die unseren menschlichen zuwider laufen.<br \/>\nJa, Hunde sind ein wichtiger Bestandteil unseres Lebens und wir m\u00fcssen endlich akzeptieren, dass die Welt eine andere und vermutlich \u00e4rmere w\u00e4re, g\u00e4be es keine Hunde. Es ist hoch an der Zeit, Hunden das zur\u00fcckzugeben, was sie uns \u00fcber die Jahrtausende gegeben haben.<\/p>\n<p>Gewaltfreiheit bedeutet auch, dass Mensch zur\u00fcckstecken muss, dass Mensch die Interessen seines Hundes auch mal \u00fcber die eigenen stellt, dass Hunde nicht einfach nur die Hofnarren der Heimtierhalter sind, sondern als eigenst\u00e4ndige Pers\u00f6nlichkeiten wahr- und ernstgenommen werden. Wie in jeder Beziehung m\u00fcssen die Interessen aller Beteiligten ber\u00fccksichtigt werden, nur dann kann man ein harmonische Zusammenleben von Mensch und sicherstellen.<\/p>\n<p>In diesem Sinne m\u00f6chte ich euch allen in meinem Blog Artikel von mir oder befreundeten KollegInnen pr\u00e4sentieren, die zu vielen Themen rund um den Hund Stellung nehmen.<\/p>\n<p>Ich w\u00fcnsche euch viel Spa\u00df beim Lesen und freue mich auf hilfreiche Kommentar.<\/p>\n<p>Eure Ute Rott<\/p>\n","protected":false},"excerpt":{"rendered":"<p>Das Forsthaus-Team stellt sich vor: Wir, das sind Ute, mein Mann Ernst und unsere Hunde Indiana und Maxl. 2005 haben wir das Forsthaus in Metzelthin gekauft und seitdem vermieten wir hier Ferienwohnungen und Stellpl\u00e4tze f\u00fcr Reisemobile an Menschen mit Hunden. &hellip; <a href=\"http:\/\/blog.forsthaus-metzelthin.de\/?page_id=10\">Weiterlesen <span class=\"meta-nav\">&rarr;<\/span><\/a><\/p>\n","protected":false},"author":1,"featured_media":245,"parent":0,"menu_order":0,"comment_status":"open","ping_status":"open","template":"","meta":[],"_links":{"self":[{"href":"http:\/\/blog.forsthaus-metzelthin.de\/index.php?rest_route=\/wp\/v2\/pages\/10"}],"collection":[{"href":"http:\/\/blog.forsthaus-metzelthin.de\/index.php?rest_route=\/wp\/v2\/pages"}],"about":[{"href":"http:\/\/blog.forsthaus-metzelthin.de\/index.php?rest_route=\/wp\/v2\/types\/page"}],"author":[{"embeddable":true,"href":"http:\/\/blog.forsthaus-metzelthin.de\/index.php?rest_route=\/wp\/v2\/users\/1"}],"replies":[{"embeddable":true,"href":"http:\/\/blog.forsthaus-metzelthin.de\/index.php?rest_route=%2Fwp%2Fv2%2Fcomments&post=10"}],"version-history":[{"count":5,"href":"http:\/\/blog.forsthaus-metzelthin.de\/index.php?rest_route=\/wp\/v2\/pages\/10\/revisions"}],"predecessor-version":[{"id":2202,"href":"http:\/\/blog.forsthaus-metzelthin.de\/index.php?rest_route=\/wp\/v2\/pages\/10\/revisions\/2202"}],"wp:featuredmedia":[{"embeddable":true,"href":"http:\/\/blog.forsthaus-metzelthin.de\/index.php?rest_route=\/wp\/v2\/media\/245"}],"wp:attachment":[{"href":"http:\/\/blog.forsthaus-metzelthin.de\/index.php?rest_route=%2Fwp%2Fv2%2Fmedia&parent=10"}],"curies":[{"name":"wp","href":"https:\/\/api.w.org\/{rel}","templated":true}]}}